4340
20101121 (base 3) to base 14
19ac
What is 101110 (base 3) in base 11?
237
Convert 22446 (base 11) to base 16.
7ede
433025 (base 6) to base 2
1000101101001001
What is 1388 (base 10) in base 13?
82a
Convert 1100110111001 (base 2) to base 13.
2cc7
-2017 (base 9) to base 12
-a2a
What is 41584 (base 9) in base 10?
27454
Convert -a3 (base 14) to base 2.
-10001111
Convert 10780 (base 11) to base 16.
3cd8
-101233 (base 4) to base 7
-3211
Convert 5a7 (base 15) to base 10.
1282
What is -13032320 (base 4) in base 10?
-29624
Convert -2320 (base 4) to base 5.
-1214
What is -2a4 (base 11) in base 4?
-11210
Convert 10010101110 (base 2) to base 4.
102232
What is 223 (base 12) in base 3?
102200
-189e9 (base 15) to base 16
-137fd
280 (base 11) to base 6
1310
2a0 (base 11) to base 4
11200
22131 (base 6) to base 11
234a
What is 1000 (base 5) in base 4?
1331
5285 (base 11) to base 5
210430
ab9 (base 16) to base 8
5271
Convert 14310 (base 5) to base 16.
4b5
-11000010011111 (base 2) to base 7
-51201
-1111000001100 (base 2) to base 5
-221232
41092 (base 10) to base 7
230542
What is 1371 (base 8) in base 10?
761
What is 9c5 (base 13) in base 3?
2022022
Convert -211101112 (base 3) to base 11.
-11299
What is -1201 (base 6) in base 7?
-562
101100 (base 4) to base 14
58c
Convert -aadb (base 16) to base 4.
-22223123
What is -111110110101100 (base 2) in base 11?
-22198
-227 (base 13) to base 10
-371
-12031 (base 4) to base 8
-615
What is 1113132 (base 4) in base 15?
19d3
Convert -1023 (base 5) to base 12.
-b6
What is -451b (base 12) in base 2?
-1110111100111
What is 122201102 (base 3) in base 5?
403132
What is 182c8 (base 13) in base 5?
2443024
What is 1cc1 (base 14) in base 15?
1860
Convert -10020011 (base 3) to base 10.
-2353
2805 (base 10) to base 9
3756
32 (base 16) to base 13
3b
115 (base 13) to base 12
137
Convert 6e9 (base 15) to base 3.
2011010
What is 101110110101100 (base 2) in base 13?
abb8
1863 (base 10) to base 2
11101000111
What is -120100000 (base 3) in base 7?
-44406
-333201 (base 5) to base 4
-2312130
-5477 (base 16) to base 3
-1002122212
2101020 (base 3) to base 5
23414
-207354 (base 8) to base 9
-115122
Convert -1011101001 (base 2) to base 14.
-3b3
What is 253550 (base 7) in base 2?
1011011101010000
-11174 (base 15) to base 13
-1b967
What is 14c (base 16) in base 5?
2312
14315 (base 6) to base 8
4347
Convert 33420 (base 5) to base 3.
10020102
What is -12021200 (base 4) in base 8?
-61140
Convert 1420 (base 5) to base 3.
22201
Convert -103311 (base 4) to base 12.
-899
Convert 2a7 (base 15) to base 13.
379
What is 100020212 (base 3) in base 15?
1eeb
Convert -110110100 (base 2) to base 12.
-304
Convert -aba2 (base 13) to base 15.
-7176
What is 1110110101111 (base 2) in base 12?
4493
-5c16 (base 13) to base 4
-3023220
Convert -37b6 (base 12) to base 8.
-14272
What is -7357 (base 10) in base 13?
-346c
What is -20222022 (base 3) in base 6?
-35312
What is 487 (base 15) in base 11?
854
Convert 35400 (base 8) to base 7.
62015
103014 (base 5) to base 14
13c9
Convert b85 (base 15) to base 12.
1608
-976 (base 13) to base 11
-1241
What is -1011121210 (base 3) in base 12?
-11410
What is -202001 (base 4) in base 16?
-881
5365 (base 14) to base 16
383d
1190 (base 10) to base 7
3320
-331010 (base 5) to base 8
-26164
What is 99c (base 16) in base 9?
3333
-740 (base 10) to base 12
-518
What is 6266 (base 9) in base 16?
11f4
What is -1001011010001110 (base 2) in base 5?
-2213132
Convert 2231010 (base 5) to base 9.
60164
Convert -361 (base 16) to base 9.
-1161
-32220 (base 8) to base 10
-13456
-5689 (base 10) to base 6
-42201
Convert 51521 (base 10) to base 16.
c941
What is 4527 (base 11) in base 8?
13506
Convert 131020 (base 6) to base 14.
4496
Convert 707 (base 8) to base 6.
2035
What is -5871 (base 13) in base 2?
-11000010001101
What is -13056 (base 10) in base 9?
-18816
Convert 11011110011110 (base 2) to base 7.
56340
-281 (base 14) to base 6
-2201
What is 300 (base 5) in base 12?
63
7520 (base 9) to base 14
202a
What is -202121 (base 3) in base 9?
-677
What is -1123313 (base 6) in base 10?
-57789
What is 550 (base 11) in base 10?
660
-40815 (base 9) to base 14
-9b3c
What is -2550 (base 10) in base 2?
-100111110110
What is 5403 (base 10) in base 4?
1110123
What is 21001210 (base 3) in base 8?
12037
Convert -5803 (base 14) to base 13.
-6c63
What is -10 (base 13) in base 4?
-31
What is 111310 (base 4) in base 15?
631
What is -5437 (base 10) in base 14?
-1da5
415 (base 15) to base 16
398
What is 27af (base 16) in base 14?
39b9
Convert -10111010100 (base 2) to base 7.
-4231
Convert 12024 (base 6) to base 9.
2347
1688 (base 13) to base 2
110011111011
11021010 (base 3) to base 12
1970
What is b0 (base 15) in base 3?
20010
351 (base 11) to base 7
1136
5a3 (base 11) to base 6
3154
What is 2208 (base 14) in base 15?
1b28
18234 (base 9) to base 7
51460
Convert -10202 (base 8) to base 12.
-2542
-3187 (base 14) to base 9
-12646
What is -1743 (base 12) in base 10?
-2787
Convert 33103 (base 4) to base 14.
4dd
What is 1023200 (base 4) in base 13?
2279
What is -23441 (base 6) in base 3?
-11200021
-17471 (base 8) to base 5
-223433
What is -1506 (base 8) in base 3?
-1011001
Convert -4412 (base 6) to base 16.
-3f8
171 (base 9) to base 14
a5
Convert -1146 (base 8) to base 4.
-21212
230263 (base 7) to base 6
513344
68c (base 15) to base 5
21412
Convert 31123 (base 4) to base 9.
1154
Convert -44044 (base 6) to base 7.
-23500
What is -10430 (base 5) in base 11?
-613
What is 110100011110 (base 2) in base 3?
11121101
What is 333 (base 4) in base 11?
58
Convert -1a9d (base 16) to base 15.
-2043
Convert -5406 (base 8) to base 3.
-10212112
Convert 674 (base 9) to base 7.
1420
What is 2fba (base 16) in base 4?
2332322
Convert -54c (base 14) to base 12.
-734
Convert -25174 (base 10) to base 11.
-17a06
-1334311 (base 5) to base 7
-143022
-10010101010100 (base 2) to base 5
-301211
Convert ba (base 15) to base 13.
106
340 (base 6) to base 11
110
Convert -11011101001 (base 2) to base 15.
-7ce
-100011101 (base 2) to base 3
-101120
-125133 (base 8) to base 2
-1010101001011011
Convert -48d (base 16) to base 12.
-811
What is 2021200 (base 3) in base 12?
b69
-2a26 (base 16) to base 7
-43313
12230 (base 4) to base 7
1151
770 (base 10) to base 14
3d0
What is -155323 (base 6) in base 8?
-36143
What is 10001111010 (base 2) in base 6?
5150
-11032 (base 4) to base 11
-284
What is -28b (base 12) in base 2?
-110001011
What is 13b5 (base 15) in base 5?
113340
What is -1831 (base 13) in base 14?
-1445
What is -100000010001 (base 2) in base 3?
-2211111
-21033 (base 4) to base 15
-296
What is 13584 (base 12) in base 6?
323444
64 (base 14) to base 6
224
What is 110011100100 (base 2) in base 14?
12ba
-1729 (base 10) to base 8
-3301
What is 85223 (base 9) in base 7?
323121
555 (base 8) to base 11
302
What is -42b0 (base 15) in base 4?
-3130203
-11f (base 16) to base 10
-287
What is 9036 (base 10) in base 14?
3416
-612 (base 14) to base 13
-709
What is -77b7 (base 15) in base 2?
-110001100011100
What is 101011011111110 (base 2) in base 14?
818a
-7240 (base 10) to base 15
-222a
-44011 (base 5) to base 2
-101110111110
-10073 (base 8) to base 9
-5626
Convert 3443 (base 10) to base 6.
23535
What is -20674 (base 8) in base 11?
-6541
-420 (base 5) to base 3
-11002
101110000110111 (base 2) to base 16
5c37
Convert -1010010100111 (base 2) to base 5.
-132122
Convert 231 (base 8) to base 4.
2121
20011210 (base 3) to base 5
121003
What is -76 (base 12) in base 10?
-90
What is -12624 (base 7) in base 2?
-110101000111
What is 130364 (base 7) in base 4?
11322023
Convert -426 (base 15) to base 8.
-1650
Convert -13422 (base 9) to base 8.
-21604
What is 11101101101 (base 2) in base 12?
1125
Convert -701 (base 13) to base 12.
-828
Convert bb58 (base 13) to base 15.
7aee
-176 (base 8) to base 7
-240
-41d (base 14) to base 13
-4a5
-128687 (base 9) to base 15
-1842d
Convert 2662 (base 11) to base 7.
13035
What is c1 (base 14) in base 6?
441
Convert 733 (base 14) to base 11.
1079
What is 81 (base 12) in base 8?
141
-2747 (base 10) to base 6
-20415
What is -122100 (base 3) in base 6?
-2100
What is 2111 (base 4) in base 11?
126
What is -1010010001100 (base 2) in base 9?
-7184
Convert -4ba (base 14) to base 9.
-1263
-143340 (base 5) to base 1